be d(-50). What is the highest common divisor of 68 and p?
4
Suppose -37 = 2*o - 89. Let f = 58 - o. What is the highest common divisor of f and 160?
32
Let m be 24206/42 + ((-40)/(-12) + -3)*-1. What is the greatest common factor of m and 36?
36
Suppose 12 = 4*g - 2*u + 22, 0 = -4*g + 4*u - 12. Let o(d) = -5*d - 4. Let b be o(g). What is the highest common divisor of b and 81?
3
Let c(j) = -j**3 + 53*j**2 - 660*j + 27. Let x be c(20). What is the highest common factor of 7 and x?
1
Let k(q) = 5*q**3 + 18 + 3*q + 38 + q**3 - 4*q**3. Let a be k(0). What is the highest common factor of a and 8?
8
Suppose 3*n + s = 19, 146*n + 23 = 147*n - 3*s. What is the greatest common divisor of n and 271?
1
Let s be (-2552)/(-12)*(-6)/(-4). Let u be (0 - -4 - s)/(-1). Suppose 2*i + 10 = 0, i - 83 = -5*d + 87. What is the greatest common divisor of u and d?
35
Let k be (15 - 2448/27)/((-3)/117). Calculate the greatest common divisor of k and 13.
13
Let h be (6 - (19 + -5) - -3)*-133. Calculate the highest common divisor of 980 and h.
35
Let t(h) = 15*h - 192. Let i be t(10). Let k be (-105)/i*22/1. Calculate the greatest common factor of k and 88.
11
Suppose -x - 3*u + 317 = 0, -3071*x + u = -3066*x - 1601. What is the greatest common divisor of 3220 and x?
20
Let w(y) = y**3 + 43*y**2 - 103*y - 159. Let m be w(-45). What is the greatest common divisor of m and 18?
6
Let x = 3016 - 2967. Calculate the greatest common factor of x and 84.
7
Suppose 22*p + 6*p = -8*p + 2376. What is the highest common factor of p and 968?
22
Let v be -28*(9/((-315)/20))/2. Let d be 450/v - 78/(-104). What is the greatest common divisor of 3 and d?
3
Let c(s) = s**3 - 61*s**2 + 143. Let t be c(61). What is the greatest common divisor of t and 4576?
143
Suppose 108 = 2*i - 3*t - 32, 3*i = 2*t + 215. Let l = i - 58. Let c be ((-33)/l - -3)*50. Calculate the highest common factor of 16 and c.
8
Let t(y) = 577*y - 560. Let h be t(1). Let i(k) = -k**3 + 340. Let m be i(0). What is the highest common divisor of m and h?
17
Let c(a) = -9*a**2 + 307*a + 66. Let t be c(34). Calculate the highest common divisor of 3200 and t.
100
Let f(w) = -3*w**2 + 99*w + 32. Let k be f(32). Suppose -17*u = -144 - k. What is the greatest common divisor of 368 and u?
16
Let h = 17648 + -17388. What is the highest common factor of 5824 and h?
52
Let z be -1*((0 - -3)/1 - 23). Suppose 5*k - z = -3*i, -10*i - 8 = -2*k - 12*i. Suppose 0 - 24 = -k*x. What is the highest common divisor of 48 and x?
6
Suppose -5*o - 1387 = -20*o - 397. What is the highest common divisor of o and 2?
2
Let k(z) = -7*z - 21. Let d be k(-5). Let m be ((-96)/d)/((-1)/7). Let q(f) = f**2 + 3. Let r be q(-3). Calculate the highest common factor of r and m.
12
Suppose -2*j + 9 = j, 4*s + j = 31. Suppose s*g = 4*g + 330. Suppose 3*c - 64 = -u - c, -u + 29 = -3*c. Calculate the highest common factor of u and g.
22
Let n = 2484 - 2480. Calculate the greatest common divisor of n and 242.
2
Let v(r) = -7 - 15 + 7*r + 7 - 19 + 6. Let w be v(29). Calculate the highest common divisor of 7 and w.
7
Suppose 40*w - 9691 = 9909. Calculate the highest common divisor of w and 2744.
98
Let m = -13 + 27. Let a be 450/m - 2/14. Let l(b) = 58*b - 2. Let z be l(5). What is the highest common factor of a and z?
32
Let p be ((-1539)/(-54))/((-1)/(-8)). Calculate the greatest common factor of p and 1387.
19
Let h = -185 + 188. Suppose -2*y + 4*z = -326, 4*y = -0*y + h*z + 647. Let r be (3 + -1)/((-6)/(-69)). What is the highest common factor of y and r?
23
Let l(q) = -785*q**2 - 13 + 1577*q**2 + 56 + 14*q - 678*q**2. Let a be l(-3). Calculate the highest common divisor of a and 79.
79
Let z(c) = 2*c**2 - 5*c - 73. Let a be z(-6). Suppose 4*f + 5 - a = 0. Calculate the highest common divisor of 6 and f.
6
Suppose 45757 - 129412 = -169*z. Suppose 3*o = 78 + 87. What is the highest common factor of o and z?
55
Suppose -11*c + 13*c - 146 = -2*m, 0 = 3*c - 2*m - 194. Calculate the highest common divisor of c and 5882.
34
Suppose -334*w - 14 = -336*w + 16. What is the highest common divisor of 6585 and w?
15
Let x(v) = 36*v - 2013. Let a be x(67). What is the greatest common divisor of a and 2261?
133
Let s = 42357 + -42181. Let l = 235 + -103. What is the greatest common factor of l and s?
44
Let b(n) = 14*n**3 + 6*n - 3. Let f be b(2). Let o be (5 - 225/(-10))*2. Calculate the highest common factor of o and f.
11
Let u be (-10 + 6)/((-4)/10). Let j = -27 - -56. Let x be j - (-4)/8*2. What is the greatest common factor of x and u?
10
Suppose -213*f + 230*f - 70771 = 0. What is the highest common factor of 161 and f?
23
Let u be (-14)/(-3) - 8/12. Suppose u*s + 11 = -4*n + 51, -3*n = -s - 10. Suppose -9 = -b - n. What is the highest common factor of b and 44?
4
Let k be -3 - (-4 + 2 + 1). Let v(z) = -6*z - 9. Let w be v(k). Let a be (-482)/(-8) + w/(-12). Calculate the greatest common divisor of a and 15.
15
Let c = 44 - -18. Let f = -50 + c. Suppose f*g - 1155 = -3*g. Calculate the highest common factor of 7 and g.
7
Let i = 5019 + -4939. Calculate the greatest common factor of i and 2480.
80
Let l be (-320)/3040 - 2529/(-19). What is the greatest common factor of l and 608?
19
Let x(t) = 2*t**3 - 23*t**2 + 56*t + 340. Let r be x(18). What is the highest common divisor of 20 and r?
20
Suppose -f + 3*f - 3 = -5*i, 5*f = i + 21. Suppose -f*c = -70 + 66. What is the highest common factor of c and 7?
1
Let x = -193 - -218. Let t(l) = 16*l**2 + 20*l + 19. Let n be t(-1). What is the highest common factor of x and n?
5
Let z(v) = 369*v**2 + 21*v - 22. Let m be z(1). What is the highest common factor of m and 253?
23
Suppose -106 = -2*b + 4*w, 3*b - 7*w = -4*w + 147. Let v = -3 + 12. Calculate the highest common factor of v and b.
9
Let v(z) = 407*z + 1. Let f be v(1). Let n = 435 - f. Calculate the highest common factor of 216 and n.
27
Let l = -184 + 198. Let f be (l/3)/(65/(-33) - -2). Calculate the greatest common factor of 44 and f.
22
Let f(g) = 2*g**2 + 6*g. Let u be f(-5). Suppose 4*h - 7 = -3*d, -3*h - 18 = -2*d - 36. What is the greatest common divisor of u and h?
4
Suppose 3*y = -2*y - i + 12, 16 = 5*y + 3*i. Let a be (-10)/15*(-27)/y. Calculate the greatest common divisor of a and 387.
9
Suppose 2*w = 4*t + 62, 19 = w + 2*t - 8. Calculate the highest common divisor of 1653 and w.
29
Let c be (12240/7140)/((-2)/(-10486)). Calculate the highest common factor of 63 and c.
21
Suppose 4977*d - 4975*d = 14. What is the greatest common factor of d and 3493?
7
Let z be (67 + -67)*(-2)/18 + 24. Calculate the highest common divisor of 264 and z.
24
Suppose 20 = -4*z + 24. Let i be z + 1 - 108/6. Let h be i/4*1/(-4). What is the greatest common factor of h and 3?
1
Let p be 0 + (-2 - -1) - -31. Suppose -27*h - 15646 = -17536. What is the greatest common divisor of p and h?
10
Let c(l) = l**3 + 6*l**2 - 4*l + 12. Let g be c(-7). Let v be 4086/54 - (-6)/g. What is the greatest common factor of 15 and v?
15
Suppose -2*c + 2362 = -a, 0*a = 2*c + 5*a - 2398. Calculate the greatest common divisor of 8 and c.
8
Let v = -2427 - -4512. Calculate the greatest common factor of v and 105.
15
Let i = 13547 - -4983. Calculate the greatest common divisor of 170 and i.
170
Suppose o - 58 = -5*n - 5, -4*n = -o + 71. Calculate the greatest common factor of o and 560.
7
Suppose 0 = -4*g + 12, j + 4*g = 27 - 4. Suppose 285 = j*c - 1. What is the greatest common factor of c and 8?
2
Suppose 295 = -5*g + 975. Suppose 0 = 3*l + 3*z - 48, 81*l - 85*l + 4*z = -64. Calculate the greatest common divisor of g and l.
8
Let y be ((-514)/12 - (-58)/348)/(1/(-39)). What is the greatest common factor of 247 and y?
13
Suppose -49*p - 9081 = -6*n - 48*p, 4*p + 4572 = 3*n. What is the greatest common factor of n and 35?
7
Let t(u) = -137*u + 9. Let p be t(4). Let m = -384 - p. Let i = 247 - m. Calculate the greatest common factor of 23 and i.
23
Suppose 0 = 7*g + 151 + 3. Let h = 5 + g. Let b = h - -18. What is the highest common divisor of 10 and b?
1
Let a be 2 + 1963 - -22 - 8*-1. Calculate the highest common factor of a and 140.
35
Let y be 33 + (-6)/((-6)/2). Let r be (180/(-162))/(3 + (-56)/18). Calculate the highest common divisor of r and y.
5
Let f be (-15 - -10)/(1*-1). Suppose 4*m = f*z +